actors of 1604?
2, 401
What are the prime factors of 998?
2, 499
List the prime factors of 2234.
2, 1117
What are the prime factors of 9287?
37, 251
What are the prime factors of 1172?
2, 293
What are the prime factors of 7549?
7549
What are the prime factors of 59769?
3, 29, 229
What are the prime factors of 117968?
2, 73, 101
What are the prime factors of 17224?
2, 2153
What are the prime factors of 11955?
3, 5, 797
What are the prime factors of 8731?
8731
What are the prime factors of 6476?
2, 1619
List the prime factors of 2204.
2, 19, 29
List the prime factors of 17370.
2, 3, 5, 193
What are the prime factors of 119693?
7, 17099
What are the prime factors of 360?
2, 3, 5
What are the prime factors of 47656?
2, 7, 23, 37
What are the prime factors of 44?
2, 11
List the prime factors of 164496.
2, 3, 23, 149
List the prime factors of 89782.
2, 7, 11, 53
What are the prime factors of 493?
17, 29
List the prime factors of 3384.
2, 3, 47
What are the prime factors of 138761?
7, 43, 461
List the prime factors of 40172.
2, 11, 83
List the prime factors of 44506.
2, 7, 11, 17
What are the prime factors of 26589?
3, 8863
List the prime factors of 1921.
17, 113
What are the prime factors of 611?
13, 47
What are the prime factors of 116871?
3, 163, 239
List the prime factors of 3842.
2, 17, 113
What are the prime factors of 197124?
2, 3, 16427
What are the prime factors of 4727?
29, 163
What are the prime factors of 399?
3, 7, 19
List the prime factors of 4921.
7, 19, 37
What are the prime factors of 116?
2, 29
What are the prime factors of 91678?
2, 23, 1993
List the prime factors of 4360.
2, 5, 109
List the prime factors of 327.
3, 109
What are the prime factors of 210?
2, 3, 5, 7
What are the prime factors of 12742?
2, 23, 277
List the prime factors of 86.
2, 43
What are the prime factors of 2512?
2, 157
List the prime factors of 6662.
2, 3331
List the prime factors of 975.
3, 5, 13
What are the prime factors of 2618?
2, 7, 11, 17
What are the prime factors of 1603?
7, 229
What are the prime factors of 8638?
2, 7, 617
List the prime factors of 33049.
33049
What are the prime factors of 7111?
13, 547
List the prime factors of 3300.
2, 3, 5, 11
What are the prime factors of 118179?
3, 1459
What are the prime factors of 546?
2, 3, 7, 13
What are the prime factors of 185?
5, 37
What are the prime factors of 427?
7, 61
What are the prime factors of 7232?
2, 113
What are the prime factors of 2853?
3, 317
What are the prime factors of 13187?
13187
List the prime factors of 2948.
2, 11, 67
List the prime factors of 3897.
3, 433
What are the prime factors of 2001?
3, 23, 29
What are the prime factors of 491?
491
List the prime factors of 501.
3, 167
List the prime factors of 58096.
2, 3631
What are the prime factors of 20056?
2, 23, 109
List the prime factors of 3906.
2, 3, 7, 31
List the prime factors of 55167.
3, 7, 37, 71
List the prime factors of 31157.
7, 4451
What are the prime factors of 107?
107
List the prime factors of 139972.
2, 7, 4999
List the prime factors of 305.
5, 61
List the prime factors of 15873.
3, 11, 13, 37
What are the prime factors of 130140?
2, 3, 5, 241
What are the prime factors of 1567?
1567
List the prime factors of 1846.
2, 13, 71
What are the prime factors of 3098?
2, 1549
List the prime factors of 379.
379
List the prime factors of 2849.
7, 11, 37
What are the prime factors of 5617?
41, 137
What are the prime factors of 938?
2, 7, 67
List the prime factors of 30074.
2, 11, 1367
List the prime factors of 683.
683
List the prime factors of 19268.
2, 4817
List the prime factors of 186.
2, 3, 31
List the prime factors of 6489.
3, 7, 103
What are the prime factors of 2185?
5, 19, 23
List the prime factors of 13420.
2, 5, 11, 61
What are the prime factors of 911?
911
What are the prime factors of 868?
2, 7, 31
List the prime factors of 38335.
5, 11, 17, 41
List the prime factors of 1438.
2, 719
List the prime factors of 1070.
2, 5, 107
List the prime factors of 21909.
3, 67, 109
List the prime factors of 3717.
3, 7, 59
What are the prime factors of 3958?
2, 1979
List the prime factors of 189100.
2, 5, 31, 61
What are the prime factors of 35882?
2, 7, 11, 233
What are the prime factors of 21360?
2, 3, 5, 89
What are the prime factors of 149?
149
What are the prime factors of 1656?
2, 3, 23
What are the prime factors of 3?
3
What are the prime factors of 1181?
1181
What are the prime factors of 55715?
5, 11, 1013
What are the prime factors of 830?
2, 5, 83
List the prime factors of 139081.
23, 6047
List the prime factors of 1964.
2, 491
List the prime factors of 1621.
1621
List the prime factors of 8202.
2, 3, 1367
List the prime factors of 95901.
3, 13, 2459
What are the prime factors of 1787?
1787
List the prime factors of 14231.
7, 19, 107
What are the prime factors of 43617?
3, 7, 31, 67
What are the prime factors of 2686?
2, 17, 79
List the prime factors of 3750.
2, 3, 5
What are the prime factors of 14870?
2, 5, 1487
What are the prime factors of 35605?
5, 7121
List the prime factors of 80916.
2, 3, 11, 613
What are the prime factors of 49193?
49193
List the prime factors of 983.
983
List the prime factors of 2956.
2, 739
List the prime factors of 1299.
3, 433
List the prime factors of 35191.
13, 2707
List the prime factors of 4507.
4507
List the prime factors of 5676.
2, 3, 11, 43
List the prime factors of 45896.
2, 5737
What are the prime factors of 2427?
3, 809
List the prime factors of 1873.
1873
List the prime factors of 4088.
2, 7, 73
List the prime factors of 7327.
17, 431
What are the prime factors of 8184?
2, 3, 11, 31
What are the prime factors of 5522?
2, 11, 251
What are the prime factors of 549?
3, 61
What are the prime factors of 5614?
2, 7, 401
List the prime factors of 132507.
3, 14723
What are the prime factors of 6883?
6883
What are the prime factors of 16843?
16843
What are the prime factors of 43346?
2, 21673
List the prime factors of 13925.
5, 557
What are the prime factors of 32?
2
List the prime factors of 3058.
2, 11, 139
What are the prime factors of 1678?
2, 839
List the prime factors of 46963.
7, 6709
What are the prime factors of 22536?
2, 3, 313
List the prime factors of 5856.
2, 3, 61
List the prime factors of 12296.
2, 29, 53
What are the prime factors of 12001?
11, 1091
What are the prime factors of 11066?
2, 11, 503
What are the prime factors of 54582?
2, 3, 11, 827
What are the prime factors of 18158?
2, 7, 1297
What are the prime factors of 2699?
2699
List the prime factors of 3572.
2, 19, 47
What are the prime factors of 57416?
2, 7177
What are the prime factors of 11090?
2, 5, 1109
What are the prime factors of 976?
2, 61
List the prime factors of 1233.
3, 137
List the prime factors of 4103.
11, 373
What are the prime factors of 2169?
3, 241
What are the prime factors of 646?
2, 17, 19
List the prime factors of 1933.
1933
List the prime factors of 12654.
2, 3, 19, 37
What are the prime factors of 186?
2, 3, 31
List the prime factors of 2024.
2, 11, 23
List the prime factors of 838.
2, 419
What are the prime factors of 76692?
2, 3, 7, 11, 83
What are the prime factors of 797?
797
List the prime factors of 2779.
7, 397
List the prime factors of 24065.
5, 4813
List the prime factors of 10473.
3, 3491
List the prime factors of 67418.
2, 13, 2593
List the prime factors of 995.
5, 199
List the prime factors of 68354.
2, 11, 13, 239
List the prime factors of 25394.
2, 12697
List the prime factors of 35236.
2, 23, 383
List the prime factors of 1019.
1019
What are the prime factors of 90529?
90529
What are the prime factors of 514?
2, 257
What are the prime factors of 1422?
2, 3, 79
What are the prime factors of 5590?
2, 5, 13, 43
What are the prime factors of 4789?
4789
What are the prime factors of 18541?
18541
List the prime factors of 1729.
7, 13, 19
List the prime factors of 14729.
11, 13, 103
List the prime factors of 17913.
3, 7, 853
List the prime factors of 5634.
2, 3, 313
What are the prime factors of 21527?
11, 19, 103
What are the prime factors of 352?
2, 11
List the prime factors of 1785.
3, 5, 7, 17
What are the prime factors of 3382?
2, 19, 89
List the prime factors of 2075.
5, 83
List the prime factors of 1155.
3, 5, 7, 11
List the prime factors of 21126.
2, 3, 7, 503
List the